= 7*y**2 - 70*y + 160. Calculate s(7).
13
Let q(x) = 16*x + 373. Give q(-17).
101
Let w(j) = -199*j**2 + 369*j - 7. What is w(2)?
-65
Let b(z) = 33*z + 29. Calculate b(10).
359
Let b(p) = -2*p**3 + 35*p**2 - 118*p + 1704. Give b(17).
-13
Let c(k) = -k**3 - 14*k**2 - 6*k - 13. What is c(-13)?
-104
Let z(k) = 17*k**2 - 695*k - 87. Give z(41).
-5
Let q(x) = 273*x + 827. Determine q(-3).
8
Let k(a) = 230*a + 3690. What is k(-16)?
10
Let x(d) = d**3 + 17*d**2 + 45*d + 761. Determine x(-17).
-4
Let d(k) = 33*k**2 - 31*k - 2. Determine d(1).
0
Let i(n) = -76*n + 515. What is i(7)?
-17
Let f(u) = 62*u**3 + 68*u**2 - 5*u - 5. What is f(-1)?
6
Let t(n) = -5*n**2 + 5*n + 46. Calculate t(-4).
-54
Let a(m) = m**3 - 7*m**2 + 62*m - 397. Calculate a(6).
-61
Let o(v) = v**3 + 13*v**2 - 2121*v - 52. Determine o(-53).
1
Let w(h) = -2*h**2 + 50*h + 56. Determine w(27).
-52
Let y(k) = 57*k**3 + 4*k - 5. Determine y(1).
56
Let v(o) = 3*o**3 - 1121*o**2 - 1500*o - 5. Determine v(375).
-5
Let v(y) = -254*y**2 - 2035*y - 9. Determine v(-8).
15
Let p(a) = -a**3 + 6*a**2 + 11*a - 24. Give p(6).
42
Let g(v) = 53*v - 395. Determine g(7).
-24
Let r(v) = v**2 + 103*v + 1765. Determine r(-81).
-17
Let d(j) = -2*j**3 - 50*j**2 + 33*j + 155. What is d(-25)?
-670
Let g(l) = l**3 - 4*l**2 + 7*l - 167. Calculate g(7).
29
Let g(z) = 4*z**2 - 48*z - 172. Calculate g(15).
8
Let b(a) = -a**3 - 8*a**2 - 15*a. What is b(-5)?
0
Let l(m) = 28*m**2 - 2160*m + 313. What is l(77)?
5
Let j(m) = -2*m**2 - 136*m + 686. Give j(5).
-44
Let r(f) = 68*f - 4066. Calculate r(59).
-54
Let d(y) = -4*y**2 + 89*y - 45. Determine d(22).
-23
Let n(i) = -18*i**2 + 203*i + 414. Calculate n(13).
11
Let r(g) = 63*g - 686. Give r(11).
7
Let h(q) = -2*q**3 - 78*q**2 - 75*q + 49. Give h(-38).
11
Let p(g) = 70*g**2 + 209*g + 4. Give p(-3).
7
Let q(o) = 42*o**3 - 8*o**2 + 11*o - 2. What is q(1)?
43
Let w(y) = -15*y**2 + 8*y - 42. Calculate w(-4).
-314
Let z(c) = c**3 + 34*c**2 - 81*c - 2738. What is z(-34)?
16
Let q(v) = 108*v + 2305. Give q(-21).
37
Let n(c) = 4*c**3 + 5*c + 6. Determine n(-1).
-3
Let l(b) = b**2 - b + 42. What is l(-8)?
114
Let h(q) = 6*q**2 - 106*q - 202. Give h(23).
534
Let i(j) = -j**3 - 43*j**2 - 85*j + 12. What is i(-41)?
135
Let f(q) = q**3 + 7*q**2 - 8*q - 50. What is f(-10)?
-270
Let u(b) = 49*b**2 - 25*b - 24. Calculate u(-1).
50
Let o(i) = i**3 - 26*i**2 + 59*i - 11. Determine o(2).
11
Let l(g) = g**3 + 28*g**2 - 91*g. Give l(-31).
-62
Let d(r) = r**3 - 10*r**2 + 12*r + 18. What is d(11)?
271
Let m(t) = -7*t**2 - 160*t - 24. Determine m(-23).
-47
Let l(h) = h**3 - 55*h**2 + 251*h + 1. What is l(5)?
6
Let p(j) = 266*j**2 + 18*j - 19. What is p(1)?
265
Let i(r) = 619*r + 2456. What is i(-4)?
-20
Let s(g) = 122*g + 296. Give s(-8).
-680
Let f(g) = -12*g + 47. Determine f(30).
-313
Let c(m) = m**3 - 20*m**2 + 25*m - 31. What is c(19)?
83
Let l(c) = -71*c - 703. What is l(-12)?
149
Let h(c) = -3*c**2 + 182*c - 2524. Calculate h(39).
11
Let v(f) = -7*f - 425. Calculate v(51).
-782
Let z(y) = -47*y - 238. Give z(-6).
44
Let s(p) = 205*p + 775. Determine s(-4).
-45
Let g(b) = 59*b**3 - 4*b**2 + 8*b - 4. Determine g(1).
59
Let g(h) = -1911*h + 9549. Calculate g(5).
-6
Let o(y) = -12*y**3 + 7*y**2 + 6*y + 1. Calculate o(-1).
14
Let t(y) = -106*y - 2345. Give t(-22).
-13
Let z(a) = 401*a + 95845. Give z(-239).
6
Let s(d) = -220*d + 1817. Calculate s(8).
57
Let f(b) = -16*b + 475. Calculate f(34).
-69
Let u(y) = 47*y**2 - 1409*y - 36. Calculate u(30).
-6
Let j(b) = -b**3 - 7*b**2 + 12*b + 35. Calculate j(-4).
-61
Let v(d) = 83*d + 28. Determine v(-3).
-221
Let c(h) = -h**3 - 7*h**2 + 16*h + 30. Calculate c(5).
-190
Let q(l) = -7*l + 169. Give q(31).
-48
Let v(h) = -45*h - 220. Determine v(-7).
95
Let a(k) = k**3 + 2*k**2 - 47*k - 70. Calculate a(-8).
-78
Let n(k) = k**3 - 4*k**2 + 7*k - 34. Calculate n(5).
26
Let y(v) = -15*v + 200. What is y(26)?
-190
Let j(c) = -c - 309. Determine j(37).
-346
Let z(d) = 4*d**3 - 4*d**2 - 13*d - 41. What is z(-4)?
-309
Let v(f) = -f**2 + 35*f + 2211. Give v(-34).
-135
Let h(u) = -117*u**3 - 2*u**2 + 2*u - 3. What is h(1)?
-120
Let z(v) = v**3 + 8*v**2 + 10*v + 180. What is z(-9)?
9
Let d(x) = -x**3 - 16*x**2 + 448*x + 6334. What is d(-13)?
3
Let u(t) = 2*t**3 + 72*t**2 - 81*t - 93. Give u(-37).
166
Let h(a) = -42*a**2 + 6*a + 14. Calculate h(-1).
-34
Let k(f) = -f**3 + 8*f**2 - f - 7. Calculate k(-5).
323
Let i(b) = -b**2 + 69*b - 667. Determine i(57).
17
Let x(t) = 6*t - 186. Calculate x(35).
24
Let i(m) = 5*m**2 - 46*m + 24. What is i(9)?
15
Let q(c) = 9*c - 71. Give q(9).
10
Let p(z) = -11*z - 42. Determine p(-4).
2
Let q(k) = -2*k**2 + 192*k - 4614. Give q(48).
-6
Let f(v) = 30*v + 575. Calculate f(-20).
-25
Let o(m) = 3*m**2 + 89*m - 22. Calculate o(-31).
102
Let f(u) = -36*u - 35. Give f(-2).
37
Let y(v) = -5*v**3 - 35*v**2 - 5*v - 42. What is y(-7)?
-7
Let o(k) = k**3 + k**2 + 8*k + 85. Determine o(-6).
-143
Let l(w) = -w**3 + 17*w**2 + 83*w + 69. What is l(21)?
48
Let o(a) = 162*a - 4700. Determine o(29).
-2
Let v(o) = -1313*o + 5278. What is v(4)?
26
Let l(i) = 2*i**3 - 11*i**2 + 111*i - 712. What is l(6)?
-10
Let v(z) = -2*z**3 + 20*z**2 - 6*z - 11. Determine v(9).
97
Let d(t) = -66*t**2 + 791*t + 1. Give d(12).
-11
Let d(o) = o**3 + 18*o**2 - 25*o - 131. What is d(-19)?
-17
Let o(b) = -243*b**2 - 4615*b + 24. Determine o(-19).
-14
Let t(o) = o**3 + 44*o**2 + 337*o - 24. Calculate t(-10).
6
Let t(v) = -222*v + 645. Give t(3).
-21
Let s(q) = 2*q**2 + 65*q - 392. Give s(7).
161
Let p(y) = y**3 - 28*y**2 + 33*y - 167. Determine p(27).
-5
Let n(b) = b**3 - 4*b**2 + 936*b - 6701. What is n(7)?
-2
Let o(v) = 65*v + 246. Give o(-6).
-144
Let q(h) = -3*h**2 - 8*h - 5. What is q(-6)?
-65
Let q(w) = -w**3 + 22*w**2 - 70*w + 2821. Calculate q(24).
-11
Let p(w) = -w**3 + 5*w**2 + 40. Determine p(6).
4
Let b(v) = 330*v**3 + v**2 - 37*v - 37. Give b(-1).
-329
Let b(z) = -z**2 - 773*z - 106748. Give b(-180).
-8
Let g(m) = m**2 - 21*m - 311. Give g(31).
-1
Let r(p) = -208*p + 13118. Give r(63).
14
Let c(i) = -3*i - 175. Calculate c(-52).
-19
Let x(u) = u**3 - 13*u**2 + 8*u + 55. What is x(12)?
7
Let z(n) = -480*n - 2884. What is z(-6)?
-4
Let q(t) = -t**2 - 65*t - 512. Calculate q(-10).
38
Let o(v) = -1335*v - 5360. Determine o(-4).
-20
Let v(y) = -y**3 - 11*y**2 - 772*y - 7609. Give v(-10).
11
Let g(x) = -33*x**2 - 28*x - 75. What is g(-4)?
-491
Let n(y) = -4*y**2 + 32*y + 62. What is n(-2)?
-18
Let n(c) = -83*c + 67. Calculate n(1).
-16
Let a(m) = -102*m + 127. Determine a(-3).
433
Let w(h) = -20*h - 222. Calculate w(-9).
-42
Let l(a) = -5*a**2 + 2*a + 35. Determine l(6).
-133
Let a(m) = -m**2 - 432*m - 16025. Calculate a(-41).
6
Let n(v) = 2*v**2 - v - 3236. Calculate n(-40).
4
Let y(t) = -72*t + 229. Calculate y(3).
13
Let g(p) = 2*p**2 - 6161*p + 55288. What is g(9)?
1
Let s(q) = -q**3 + 3*q**2 + 791*q - 1587. Calculate s(2).
-1
Let p(o) = 361*o + 15496. What is p(-43)?
-27
Let f(o) = -425*o - 1272. What is f(-3)?
3
Let x(m) = -16*m - 1566. What is x(-98)?
2
Let p(j) = -j**3 - 13*j**2 + 28*j - 31. Determine p(-15).
-1
Let m(d) = 2*d**2 - 24*d + 39. Determine m(10).
-1
Let h(o) = -o**2 - 1204*o - 1203. What is h(-1)?
0
Let j(l) = -l**3 - 23*l**2 + 82*l + 85. Calculate j(-26).
-19
Let b(a) = 98*a - 17330. Determine b(177).
16
Let k(y) = 3*y**3 + 81*y**2 - 83*y + 20. What is k(-28)?
-8
Let a(g) = 27*g**2 - 9*g. Calculate a(2).
90
Let r(v) = -2*v**3 - 18*v**2 + 14*v - 46. Give r(-10).
14
Let h(a) = -38*a - 320. Give h(-9).
22
Let p(v) = 10492*v + 146889. Give p(-14).
1
Let b(t) = t**2 - 329*t - 654. Calculate b(-2).
8
Let a(y) = -y**2 + 25*y + 251. Calculate a(-8).
-13
Let d(f) = 1151*f + 51797. What is d(-45)?
2
Let r(s) = -s**2 - 1569*s - 15584. Calculate r(-10).
6
Let h(g) = -10*g**2 + 122*g - 30. Determine h(12).
-6
Let n(v) = -v**3 - 20*v**2 - 110*v - 4. What is n(0)?
-4
Let m(b) = 7*b**2 - b - 36. What is m(4)?
72
Let s(j) = 3*j**2 + 5*j - 18. Determine s(-10).
232
Let b(q) = -22*q + 341. Calculate b(13).
55
Let s(g) = -648*g + 1297. Determine s(2).
1
Let c(z) = -10*z - 48. What is c(-5)?
2
Let j(q) = q**3 - 30*q**2 - 43*q - 58. What is j(31)?
-430
Let a(q) = q**2 + 5*q - 1048. Determine a(-23).
-634
Let a(r) = -r**3 - 6*r**2 + 29*r + 98. Give a(-8).
-6
Le